{"id":68,"date":"2020-07-22T13:50:15","date_gmt":"2020-07-22T11:50:15","guid":{"rendered":"http:\/\/212.227.213.81\/?page_id=68"},"modified":"2020-07-26T17:04:30","modified_gmt":"2020-07-26T15:04:30","slug":"diagnostik","status":"publish","type":"page","link":"https:\/\/www.pferdepraxis-wedemark.de\/index.php\/diagnostik\/","title":{"rendered":"Diagnostik"},"content":{"rendered":"\n<ul class=\"wp-block-list\"><li><strong>Klinische Untersuchung<\/strong><br>&nbsp;<\/li><li><strong>R\u00f6ntgen<\/strong><br>Gliedma\u00dfen<br>R\u00fccken<br>Kopf\/Z\u00e4hne<br>Lunge<br>&nbsp;<\/li><li><strong>Ultraschall<\/strong><br>Sehnen\/Gelenke<br>Augen<br>Lunge<br>Nabel<br>&nbsp;<\/li><li><strong>Augendiagnostik<\/strong><br>Spaltlampe<br>Augenspiegel<br>Tonometrie<br>&nbsp;<\/li><li><strong>Labordiagnostik<\/strong><br>Zusammenarbeit mit Biocontrol, Synlab, Dr. B\u00f6se<\/li><\/ul>\n","protected":false},"excerpt":{"rendered":"<p>Klinische Untersuchung&nbsp; R\u00f6ntgenGliedma\u00dfenR\u00fcckenKopf\/Z\u00e4hneLunge&nbsp; UltraschallSehnen\/GelenkeAugenLungeNabel&nbsp; AugendiagnostikSpaltlampeAugenspiegelTonometrie&nbsp; LabordiagnostikZusammenarbeit mit Biocontrol, Synlab, Dr. B\u00f6se<\/p>\n","protected":false},"author":1,"featured_media":0,"parent":0,"menu_order":0,"comment_status":"closed","ping_status":"closed","template":"","meta":{"neve_meta_sidebar":"full-width","neve_meta_container":"contained","neve_meta_enable_content_width":"off","neve_meta_content_width":0,"neve_meta_title_alignment":"","neve_meta_author_avatar":"","neve_post_elements_order":"","neve_meta_disable_header":"","neve_meta_disable_footer":"","neve_meta_disable_title":"","footnotes":""},"class_list":["post-68","page","type-page","status-publish","hentry"],"_links":{"self":[{"href":"https:\/\/www.pferdepraxis-wedemark.de\/index.php\/wp-json\/wp\/v2\/pages\/68","targetHints":{"allow":["GET"]}}],"collection":[{"href":"https:\/\/www.pferdepraxis-wedemark.de\/index.php\/wp-json\/wp\/v2\/pages"}],"about":[{"href":"https:\/\/www.pferdepraxis-wedemark.de\/index.php\/wp-json\/wp\/v2\/types\/page"}],"author":[{"embeddable":true,"href":"https:\/\/www.pferdepraxis-wedemark.de\/index.php\/wp-json\/wp\/v2\/users\/1"}],"replies":[{"embeddable":true,"href":"https:\/\/www.pferdepraxis-wedemark.de\/index.php\/wp-json\/wp\/v2\/comments?post=68"}],"version-history":[{"count":3,"href":"https:\/\/www.pferdepraxis-wedemark.de\/index.php\/wp-json\/wp\/v2\/pages\/68\/revisions"}],"predecessor-version":[{"id":116,"href":"https:\/\/www.pferdepraxis-wedemark.de\/index.php\/wp-json\/wp\/v2\/pages\/68\/revisions\/116"}],"wp:attachment":[{"href":"https:\/\/www.pferdepraxis-wedemark.de\/index.php\/wp-json\/wp\/v2\/media?parent=68"}],"curies":[{"name":"wp","href":"https:\/\/api.w.org\/{rel}","templated":true}]}}

<ul class="wp-block-list"><li><strong>Klinische Untersuchung</strong><br>&nbsp;</li><li><strong>Röntgen</strong><br>Gliedmaßen<br>Rücken<br>Kopf/Zähne<br>Lunge<br>&nbsp;</li><li><strong>Ultraschall</strong><br>Sehnen/Gelenke<br>Augen<br>Lunge<br>Nabel<br>&nbsp;</li><li><strong>Augendiagnostik</strong><br>Spaltlampe<br>Augenspiegel<br>Tonometrie<br>&nbsp;</li><li><strong>Labordiagnostik</strong><br>Zusammenarbeit mit Biocontrol, Synlab, Dr. Böse</li></ul>

<p>Klinische Untersuchung&nbsp; RöntgenGliedmaßenRückenKopf/ZähneLunge&nbsp; UltraschallSehnen/GelenkeAugenLungeNabel&nbsp; AugendiagnostikSpaltlampeAugenspiegelTonometrie&nbsp; LabordiagnostikZusammenarbeit mit Biocontrol, Synlab, Dr. Böse</p>
