{"id":67,"date":"2020-07-22T13:50:15","date_gmt":"2020-07-22T11:50:15","guid":{"rendered":"http:\/\/212.227.213.81\/?page_id=67"},"modified":"2022-02-28T14:34:55","modified_gmt":"2022-02-28T13:34:55","slug":"leistung","status":"publish","type":"page","link":"https:\/\/www.pferdepraxis-wedemark.de\/index.php\/leistung\/","title":{"rendered":"Leistung"},"content":{"rendered":"\n<p><strong>Augenheilkunde<\/strong><\/p>\n\n\n\n<ul class=\"wp-block-list\"><li>Eingehende Untersuchung des Auges einschliesslich Visuskontrolle, Spaltlampe, Augenspiegel, Tonometrie und Ultraschall sowie Probenentnahmen<\/li><li>Behandlung und Verlaufskontrolle von akuten und chronischen Augenerkrankungen<\/li><li>Fallabh\u00e4ngige Durchf\u00fchrung bestimmter Operationen am stehenden Pferde vor Ort (z.B. Hornhautk\u00fcrretage)<\/li><li>Weitere Operationsmethoden in Vollnarkose in Kooperation mit der Tier\u00e4rztlichen Hochschule Hannover (z.B. Vitrektomie)<\/li><\/ul>\n\n\n\n<p><strong>Orthop\u00e4die<\/strong><\/p>\n\n\n\n<ul class=\"wp-block-list\"><li>Lahmheitsdiagnostik einschlie\u00dflich diagnostischer An\u00e4sthesien und anschlie\u00dfenden bildgebenden Verfahren<\/li><li>Verlaufskontrolle und Weiterbehandlung von akuten und chronischen Erkrankungen des Bewegungsapparates<\/li><li>Untersuchung und Behandlung von Rittigkeitsproblemen<\/li><li>Gelenkbehandlungen, Behandlungen mit thrombozytenreichem Plasma (PRP)<\/li><li>Stosswellenbehandlungen<\/li><\/ul>\n\n\n\n<p><strong>Gyn\u00e4kologie<\/strong><\/p>\n\n\n\n<ul class=\"wp-block-list\"><li>K\u00fcnstliche Besamung mit Frischsperma<\/li><li>Untersuchung und Behandlung von Fruchtbarkeitsproblemen<\/li><li>Gest\u00fctsbetreuung<\/li><\/ul>\n\n\n\n<p><strong>Fohlenheilkunde<\/strong><\/p>\n\n\n\n<ul class=\"wp-block-list\"><li>Untersuchung und Behandlung von Erkrankungen des Fohlens ggf. in Kooperation mit umliegenden Kliniken<\/li><\/ul>\n\n\n\n<p><strong>Innere Medizin<\/strong><\/p>\n\n\n\n<ul class=\"wp-block-list\"><li>Untersuchung und Behandlung von internistischen Erkrankungen ggf. in Kooperation mit umliegenden Kliniken<\/li><\/ul>\n\n\n\n<p><strong>Kaufuntersuchung<\/strong><\/p>\n\n\n\n<ul class=\"wp-block-list\"><li>Klinische Untersuchung<\/li><li>R\u00f6ntgenuntersuchung (Anzahl der R\u00f6ntgenbilder nach Wunsch des Auftraggebers, neuer Standart nach R\u00f6ntgenleitfaden 2018: 18 Bilder)<\/li><\/ul>\n\n\n\n<p><strong>Stosswellenbehandlung<\/strong><\/p>\n\n\n\n<ul class=\"wp-block-list\"><li>Fokussierte Stosswelle zur Behandlung von z.B. Fesseltr\u00e4gersch\u00e4den oder Gleichbeinerkrankungen<\/li><\/ul>\n","protected":false},"excerpt":{"rendered":"<p>Augenheilkunde Eingehende Untersuchung des Auges einschliesslich Visuskontrolle, Spaltlampe, Augenspiegel, Tonometrie und Ultraschall sowie Probenentnahmen Behandlung und Verlaufskontrolle von akuten und chronischen Augenerkrankungen Fallabh\u00e4ngige Durchf\u00fchrung bestimmter Operationen am stehenden Pferde vor Ort (z.B. Hornhautk\u00fcrretage) Weitere Operationsmethoden in Vollnarkose in Kooperation mit der Tier\u00e4rztlichen Hochschule Hannover (z.B. Vitrektomie) Orthop\u00e4die Lahmheitsdiagnostik einschlie\u00dflich diagnostischer An\u00e4sthesien und anschlie\u00dfenden bildgebenden Verfahren&hellip;&nbsp;<a href=\"https:\/\/www.pferdepraxis-wedemark.de\/index.php\/leistung\/\" rel=\"bookmark\">Weiterlesen &raquo;<span class=\"screen-reader-text\">Leistung<\/span><\/a><\/p>\n","protected":false},"author":1,"featured_media":0,"parent":0,"menu_order":0,"comment_status":"closed","ping_status":"closed","template":"","meta":{"neve_meta_sidebar":"full-width","neve_meta_container":"contained","neve_meta_enable_content_width":"off","neve_meta_content_width":0,"neve_meta_title_alignment":"","neve_meta_author_avatar":"","neve_post_elements_order":"","neve_meta_disable_header":"","neve_meta_disable_footer":"","neve_meta_disable_title":"","footnotes":""},"class_list":["post-67","page","type-page","status-publish","hentry"],"_links":{"self":[{"href":"https:\/\/www.pferdepraxis-wedemark.de\/index.php\/wp-json\/wp\/v2\/pages\/67","targetHints":{"allow":["GET"]}}],"collection":[{"href":"https:\/\/www.pferdepraxis-wedemark.de\/index.php\/wp-json\/wp\/v2\/pages"}],"about":[{"href":"https:\/\/www.pferdepraxis-wedemark.de\/index.php\/wp-json\/wp\/v2\/types\/page"}],"author":[{"embeddable":true,"href":"https:\/\/www.pferdepraxis-wedemark.de\/index.php\/wp-json\/wp\/v2\/users\/1"}],"replies":[{"embeddable":true,"href":"https:\/\/www.pferdepraxis-wedemark.de\/index.php\/wp-json\/wp\/v2\/comments?post=67"}],"version-history":[{"count":33,"href":"https:\/\/www.pferdepraxis-wedemark.de\/index.php\/wp-json\/wp\/v2\/pages\/67\/revisions"}],"predecessor-version":[{"id":281,"href":"https:\/\/www.pferdepraxis-wedemark.de\/index.php\/wp-json\/wp\/v2\/pages\/67\/revisions\/281"}],"wp:attachment":[{"href":"https:\/\/www.pferdepraxis-wedemark.de\/index.php\/wp-json\/wp\/v2\/media?parent=67"}],"curies":[{"name":"wp","href":"https:\/\/api.w.org\/{rel}","templated":true}]}}