{"id":65,"date":"2020-07-22T13:50:15","date_gmt":"2020-07-22T11:50:15","guid":{"rendered":"http:\/\/212.227.213.81\/?page_id=65"},"modified":"2022-02-28T14:34:21","modified_gmt":"2022-02-28T13:34:21","slug":"praxis","status":"publish","type":"page","link":"https:\/\/www.pferdepraxis-wedemark.de\/index.php\/praxis\/","title":{"rendered":"Praxis"},"content":{"rendered":"\n<p>Mit unseren Praxisfahrzeugen kommen wir zu Ihnen in den Heimatstall und f\u00fchren alle Untersuchungen und Behandlungen vor Ort aus. Neben einem fundierten medizinischen Wissen verf\u00fcgen wir \u00fcber die medizintechnische Ausstattung, um Ihr Pferd nach den aktuellen Regeln der \u00e4rztlichen Kunst zu betreuen.<\/p>\n\n\n\n<p>Zus\u00e4tzlich findet eine enge Kooperation mit umliegenden Praxen und Kliniken statt, um eine bestm\u00f6gliche Versorgung unserer Patienten zu gew\u00e4hrleisten.<\/p>\n\n\n\n<div class=\"wp-block-columns is-layout-flex wp-container-core-columns-is-layout-9d6595d7 wp-block-columns-is-layout-flex\">\n<div class=\"wp-block-column is-layout-flow wp-block-column-is-layout-flow\" style=\"flex-basis:100%\">\n<figure class=\"wp-block-gallery has-nested-images columns-default is-cropped wp-block-gallery-1 is-layout-flex wp-block-gallery-is-layout-flex\">\n<figure class=\"wp-block-image size-large\"><img loading=\"lazy\" decoding=\"async\" width=\"228\" height=\"345\" data-id=\"27\" src=\"https:\/\/www.pferdepraxis-wedemark.de\/wp-content\/uploads\/2020\/07\/DSC_1004.jpg\" alt=\"\" class=\"wp-image-27\" srcset=\"https:\/\/www.pferdepraxis-wedemark.de\/wp-content\/uploads\/2020\/07\/DSC_1004.jpg 228w, https:\/\/www.pferdepraxis-wedemark.de\/wp-content\/uploads\/2020\/07\/DSC_1004-198x300.jpg 198w\" sizes=\"auto, (max-width: 228px) 100vw, 228px\" \/><\/figure>\n\n\n\n<figure class=\"wp-block-image size-large\"><img loading=\"lazy\" decoding=\"async\" width=\"1024\" height=\"683\" data-id=\"248\" src=\"https:\/\/www.pferdepraxis-wedemark.de\/wp-content\/uploads\/ASF_9630-1024x683.jpg\" alt=\"\" class=\"wp-image-248\" srcset=\"https:\/\/www.pferdepraxis-wedemark.de\/wp-content\/uploads\/ASF_9630-1024x683.jpg 1024w, https:\/\/www.pferdepraxis-wedemark.de\/wp-content\/uploads\/ASF_9630-300x200.jpg 300w, https:\/\/www.pferdepraxis-wedemark.de\/wp-content\/uploads\/ASF_9630-768x512.jpg 768w, https:\/\/www.pferdepraxis-wedemark.de\/wp-content\/uploads\/ASF_9630-1536x1025.jpg 1536w, https:\/\/www.pferdepraxis-wedemark.de\/wp-content\/uploads\/ASF_9630-930x620.jpg 930w, https:\/\/www.pferdepraxis-wedemark.de\/wp-content\/uploads\/ASF_9630.jpg 1731w\" sizes=\"auto, (max-width: 1024px) 100vw, 1024px\" \/><\/figure>\n<\/figure>\n<\/div>\n<\/div>\n","protected":false},"excerpt":{"rendered":"<p>Mit unseren Praxisfahrzeugen kommen wir zu Ihnen in den Heimatstall und f\u00fchren alle Untersuchungen und Behandlungen vor Ort aus. Neben einem fundierten medizinischen Wissen verf\u00fcgen wir \u00fcber die medizintechnische Ausstattung, um Ihr Pferd nach den aktuellen Regeln der \u00e4rztlichen Kunst zu betreuen. Zus\u00e4tzlich findet eine enge Kooperation mit umliegenden Praxen und Kliniken statt, um eine&hellip;&nbsp;<a href=\"https:\/\/www.pferdepraxis-wedemark.de\/index.php\/praxis\/\" rel=\"bookmark\">Weiterlesen &raquo;<span class=\"screen-reader-text\">Praxis<\/span><\/a><\/p>\n","protected":false},"author":1,"featured_media":0,"parent":0,"menu_order":0,"comment_status":"closed","ping_status":"closed","template":"","meta":{"neve_meta_sidebar":"full-width","neve_meta_container":"contained","neve_meta_enable_content_width":"off","neve_meta_content_width":0,"neve_meta_title_alignment":"","neve_meta_author_avatar":"","neve_post_elements_order":"","neve_meta_disable_header":"","neve_meta_disable_footer":"","neve_meta_disable_title":"","footnotes":""},"class_list":["post-65","page","type-page","status-publish","hentry"],"_links":{"self":[{"href":"https:\/\/www.pferdepraxis-wedemark.de\/index.php\/wp-json\/wp\/v2\/pages\/65","targetHints":{"allow":["GET"]}}],"collection":[{"href":"https:\/\/www.pferdepraxis-wedemark.de\/index.php\/wp-json\/wp\/v2\/pages"}],"about":[{"href":"https:\/\/www.pferdepraxis-wedemark.de\/index.php\/wp-json\/wp\/v2\/types\/page"}],"author":[{"embeddable":true,"href":"https:\/\/www.pferdepraxis-wedemark.de\/index.php\/wp-json\/wp\/v2\/users\/1"}],"replies":[{"embeddable":true,"href":"https:\/\/www.pferdepraxis-wedemark.de\/index.php\/wp-json\/wp\/v2\/comments?post=65"}],"version-history":[{"count":6,"href":"https:\/\/www.pferdepraxis-wedemark.de\/index.php\/wp-json\/wp\/v2\/pages\/65\/revisions"}],"predecessor-version":[{"id":280,"href":"https:\/\/www.pferdepraxis-wedemark.de\/index.php\/wp-json\/wp\/v2\/pages\/65\/revisions\/280"}],"wp:attachment":[{"href":"https:\/\/www.pferdepraxis-wedemark.de\/index.php\/wp-json\/wp\/v2\/media?parent=65"}],"curies":[{"name":"wp","href":"https:\/\/api.w.org\/{rel}","templated":true}]}}

<p>Mit unseren Praxisfahrzeugen kommen wir zu Ihnen in den Heimatstall und führen alle Untersuchungen und Behandlungen vor Ort aus. Neben einem fundierten medizinischen Wissen verfügen wir über die medizintechnische Ausstattung, um Ihr Pferd nach den aktuellen Regeln der ärztlichen Kunst zu betreuen.</p>



<p>Zusätzlich findet eine enge Kooperation mit umliegenden Praxen und Kliniken statt, um eine bestmögliche Versorgung unserer Patienten zu gewährleisten.</p>



<div class="wp-block-columns is-layout-flex wp-container-core-columns-is-layout-9d6595d7 wp-block-columns-is-layout-flex">
<div class="wp-block-column is-layout-flow wp-block-column-is-layout-flow" style="flex-basis:100%">
<figure class="wp-block-gallery has-nested-images columns-default is-cropped wp-block-gallery-1 is-layout-flex wp-block-gallery-is-layout-flex">
<figure class="wp-block-image size-large"><img loading="lazy" decoding="async" width="228" height="345" data-id="27" src="https://www.pferdepraxis-wedemark.de/wp-content/uploads/2020/07/DSC_1004.jpg" alt="" class="wp-image-27" srcset="https://www.pferdepraxis-wedemark.de/wp-content/uploads/2020/07/DSC_1004.jpg 228w, https://www.pferdepraxis-wedemark.de/wp-content/uploads/2020/07/DSC_1004-198x300.jpg 198w" sizes="auto, (max-width: 228px) 100vw, 228px" /></figure>



<figure class="wp-block-image size-large"><img loading="lazy" decoding="async" width="1024" height="683" data-id="248" src="https://www.pferdepraxis-wedemark.de/wp-content/uploads/ASF_9630-1024x683.jpg" alt="" class="wp-image-248" srcset="https://www.pferdepraxis-wedemark.de/wp-content/uploads/ASF_9630-1024x683.jpg 1024w, https://www.pferdepraxis-wedemark.de/wp-content/uploads/ASF_9630-300x200.jpg 300w, https://www.pferdepraxis-wedemark.de/wp-content/uploads/ASF_9630-768x512.jpg 768w, https://www.pferdepraxis-wedemark.de/wp-content/uploads/ASF_9630-1536x1025.jpg 1536w, https://www.pferdepraxis-wedemark.de/wp-content/uploads/ASF_9630-930x620.jpg 930w, https://www.pferdepraxis-wedemark.de/wp-content/uploads/ASF_9630.jpg 1731w" sizes="auto, (max-width: 1024px) 100vw, 1024px" /></figure>
</figure>
</div>
</div>

<p>Mit unseren Praxisfahrzeugen kommen wir zu Ihnen in den Heimatstall und führen alle Untersuchungen und Behandlungen vor Ort aus. Neben einem fundierten medizinischen Wissen verfügen wir über die medizintechnische Ausstattung, um Ihr Pferd nach den aktuellen Regeln der ärztlichen Kunst zu betreuen. Zusätzlich findet eine enge Kooperation mit umliegenden Praxen und Kliniken statt, um eine&hellip;&nbsp;<a href="https://www.pferdepraxis-wedemark.de/index.php/praxis/" rel="bookmark">Weiterlesen &raquo;<span class="screen-reader-text">Praxis</span></a></p>
